{"id":2058,"date":"2025-03-29T12:29:51","date_gmt":"2025-03-29T09:29:51","guid":{"rendered":"https:\/\/igr.gr\/demo\/loggitsi\/?page_id=2058"},"modified":"2025-03-29T12:33:15","modified_gmt":"2025-03-29T09:33:15","slug":"konstantina-stathoulia","status":"publish","type":"page","link":"https:\/\/igr.gr\/demo\/loggitsi\/konstantina-stathoulia\/","title":{"rendered":"Konstantina Stathoulia"},"content":{"rendered":"\t\t<div data-elementor-type=\"wp-page\" data-elementor-id=\"2058\" class=\"elementor elementor-2058\">\n\t\t\t\t<div class=\"elementor-element elementor-element-701caa4 e-flex e-con-boxed e-con e-parent\" data-id=\"701caa4\" data-element_type=\"container\" data-e-type=\"container\">\n\t\t\t\t\t<div class=\"e-con-inner\">\n\t\t\r\n\t\t<div class=\"elementor-element elementor-element-4d3455c elementor-widget elementor-widget-ensafteaminfo\" data-id=\"4d3455c\" data-element_type=\"widget\" data-e-type=\"widget\" data-widget_type=\"ensafteaminfo.default\">\n\t\t\t\t<div class=\"elementor-widget-container\">\n\t\t\t\t\t<div class=\"team-details\"><div class=\"row\"><div class=\"col-xl-5\"><div class=\"mb-40 mb-xl-0\"><img decoding=\"async\" src=\"https:\/\/igr.gr\/demo\/loggitsi\/wp-content\/uploads\/2025\/03\/team_Konstantina_Stathoulia.jpg\" alt=\"team_Konstantina_Stathoulia\"  class=\"w-100\" \/><\/div><\/div><div class=\"col-xl-7 ps-3 ps-xl-5 align-self-center\"><div class=\"team-about\"><div class=\"team-wrapp\"><div class=\"top-wrap\"><div class=\"title-wrap\"><h3 class=\"team-about_title\">Konstantina Stathoulia<\/h3><p class=\"team-about_desig\">Attorney at Law<\/p><\/div><div class=\"th-social\"><a  rel=\"nofollow\" href=\"https:\/\/www.facebook.com\"><i aria-hidden=\"true\" class=\"fab fa-facebook-f\"><\/i><\/a> <a  rel=\"nofollow\" href=\"https:\/\/www.twitter.com\"><i aria-hidden=\"true\" class=\"fab fa-twitter\"><\/i><\/a> <a  rel=\"nofollow\" href=\"https:\/\/www.instagram.com\"><i aria-hidden=\"true\" class=\"fab fa-instagram\"><\/i><\/a> <a  rel=\"nofollow\" href=\"https:\/\/www.linkedin.com\"><i aria-hidden=\"true\" class=\"fab fa-linkedin-in\"><\/i><\/a> <\/div><\/div><p class=\"team-about_text\"> Konstantina is a talented young Attorney at Law with high levels of professionalism and dedication.\n  She holds degree in Law from the Law School of the National Kapodistrian University in Athens and has attended the programme of the Law School in E\u00f6tv\u00f6s Lor\u00e1nd University (ELTE) in Hungary, that is one of the oldest faculties of Law established already in 1667, where Konstantina gained multicultural and international knowledge in Criminal and Civil Law.\n\nShe speaks English, Spanish and native Greek.<\/p><\/div><div class=\"about-info-wrap\"><div class=\"about-info\"><div class=\"about-info_icon\"><i class=\"fas fa-phone\"><\/i><\/div><div class=\"about-info_content\"><p class=\"about-info_subtitle\">Phone<\/p><h6 class=\"about-info_title\"><a href=\"tel:+4407747508190\">+44 07747 508190<\/a><\/h6><\/div><\/div><div class=\"about-info\"><div class=\"about-info_icon\"><i class=\"fas fa-phone\"><\/i><\/div><div class=\"about-info_content\"><p class=\"about-info_subtitle\">Phone<\/p><h6 class=\"about-info_title\"><a href=\"tel:+4407747508190\">+44 07747 508190<\/a><\/h6><\/div><\/div><\/div><a href=\"https:\/\/wordpress.themeholy.com\/ensaf\/contact\/\" class=\"th-btn style2 th_btn\">Contact us<i class=\"fa-regular fa-arrow-right-long\"><\/i><\/a><\/div><\/div><\/div><\/div>\t\t\t\t<\/div>\n\t\t\t\t<\/div>\n\t\t<div class=\"elementor-element elementor-element-b9872e7 e-con-full e-flex e-con e-child\" data-id=\"b9872e7\" data-element_type=\"container\" data-e-type=\"container\">\n\t\t\t\t<div class=\"elementor-element elementor-element-df8a6ee elementor-widget elementor-widget-heading\" data-id=\"df8a6ee\" data-element_type=\"widget\" data-e-type=\"widget\" data-widget_type=\"heading.default\">\n\t\t\t\t<div class=\"elementor-widget-container\">\n\t\t\t\t\t<h2 class=\"elementor-heading-title elementor-size-default\">her experience\n<\/h2>\t\t\t\t<\/div>\n\t\t\t\t<\/div>\n\t\t\t\t<div class=\"elementor-element elementor-element-409bd77 elementor-widget elementor-widget-text-editor\" data-id=\"409bd77\" data-element_type=\"widget\" data-e-type=\"widget\" data-widget_type=\"text-editor.default\">\n\t\t\t\t<div class=\"elementor-widget-container\">\n\t\t\t\t\t\t\t\t\t<p>Konstantina is practicing in the area of Criminal, Civil and Commercial litigation, for the representation of our clients in civil and commercial disputes, including breach of contract and tort, as well lawsuits. She deals with cases related to debt recovery, litigation and enforcement proceedings, asset tracing restructuring and insolvency matters, Family, Labour and Property Law. She also gained experience in a broad range of criminal and corporate litigation in the context of criminal financial offences, and she is involved in cases in the Public and Administrative law sector, about differences which arise between the citizens and the government or between companies and the public administration. Konstantina is a rising Attorney at Law and her strong commitment is always at the forefront of the legal profession.<\/p>\t\t\t\t\t\t\t\t<\/div>\n\t\t\t\t<\/div>\n\t\t\t\t<\/div>\n\t\t\t\t\t<\/div>\n\t\t\t\t<\/div>\n\t\t<div class=\"elementor-element elementor-element-6665ac8 e-flex e-con-boxed e-con e-parent\" data-id=\"6665ac8\" data-element_type=\"container\" data-e-type=\"container\" data-settings=\"{&quot;background_background&quot;:&quot;classic&quot;}\">\n\t\t\t\t\t<div class=\"e-con-inner\">\n\t\t\t\t<div class=\"elementor-element elementor-element-9059372 elementor-widget elementor-widget-text-editor\" data-id=\"9059372\" data-element_type=\"widget\" data-e-type=\"widget\" data-widget_type=\"text-editor.default\">\n\t\t\t\t<div class=\"elementor-widget-container\">\n\t\t\t\t\t\t\t\t\t<p style=\"text-align: center;\"><span style=\"color: #ffffff;\"><em>&#8220;It is a privilege to be part of this legal team which combines proactive legal thinking and a wealth of expertise. Its unique culture and expertise offer an inspiring environment to work at because of the wide range of cases, disputes and legal issues.&#8221;<\/em><\/span><\/p>\t\t\t\t\t\t\t\t<\/div>\n\t\t\t\t<\/div>\n\t\t\t\t\t<\/div>\n\t\t\t\t<\/div>\n\t\t<div class=\"elementor-element elementor-element-8e44601 e-flex e-con-boxed e-con e-parent\" data-id=\"8e44601\" data-element_type=\"container\" data-e-type=\"container\">\n\t\t\t\t\t<div class=\"e-con-inner\">\n\t\t\t\t<div class=\"elementor-element elementor-element-b3b7c4e elementor-widget elementor-widget-image-gallery\" data-id=\"b3b7c4e\" data-element_type=\"widget\" data-e-type=\"widget\" data-widget_type=\"image-gallery.default\">\n\t\t\t\t<div class=\"elementor-widget-container\">\n\t\t\t\t\t\t\t<div class=\"elementor-image-gallery\">\n\t\t\t<div id='gallery-1' class='gallery galleryid-2058 gallery-columns-3 gallery-size-full'><figure class='gallery-item'>\n\t\t\t<div class='gallery-icon portrait'>\n\t\t\t\t<a  href='https:\/\/igr.gr\/demo\/loggitsi\/wp-content\/uploads\/2025\/03\/Konstantina_Stathoulia_2.jpeg'><img fetchpriority=\"high\" decoding=\"async\" width=\"768\" height=\"1024\" src=\"https:\/\/igr.gr\/demo\/loggitsi\/wp-content\/uploads\/2025\/03\/Konstantina_Stathoulia_2.jpeg\" class=\"attachment-full size-full\" alt=\"\" srcset=\"https:\/\/igr.gr\/demo\/loggitsi\/wp-content\/uploads\/2025\/03\/Konstantina_Stathoulia_2.jpeg 768w, https:\/\/igr.gr\/demo\/loggitsi\/wp-content\/uploads\/2025\/03\/Konstantina_Stathoulia_2-225x300.jpeg 225w\" sizes=\"(max-width: 768px) 100vw, 768px\" \/><\/a>\n\t\t\t<\/div><\/figure><figure class='gallery-item'>\n\t\t\t<div class='gallery-icon portrait'>\n\t\t\t\t<a  href='https:\/\/igr.gr\/demo\/loggitsi\/wp-content\/uploads\/2025\/03\/Konstantina_Stathoulia_1.jpeg'><img decoding=\"async\" width=\"768\" height=\"1024\" src=\"https:\/\/igr.gr\/demo\/loggitsi\/wp-content\/uploads\/2025\/03\/Konstantina_Stathoulia_1.jpeg\" class=\"attachment-full size-full\" alt=\"\" srcset=\"https:\/\/igr.gr\/demo\/loggitsi\/wp-content\/uploads\/2025\/03\/Konstantina_Stathoulia_1.jpeg 768w, https:\/\/igr.gr\/demo\/loggitsi\/wp-content\/uploads\/2025\/03\/Konstantina_Stathoulia_1-225x300.jpeg 225w\" sizes=\"(max-width: 768px) 100vw, 768px\" \/><\/a>\n\t\t\t<\/div><\/figure>\n\t\t<\/div>\n\t\t<\/div>\n\t\t\t\t\t\t<\/div>\n\t\t\t\t<\/div>\n\t\t\t\t\t<\/div>\n\t\t\t\t<\/div>\n\t\t\t\t<\/div>\n\t\t","protected":false},"excerpt":{"rendered":"<p>Konstantina Stathoulia Attorney at Law Konstantina is a talented young Attorney at Law with high levels of professionalism and dedication. She holds degree in Law from the Law School of the National Kapodistrian University in Athens and has attended the programme of the Law School in E\u00f6tv\u00f6s Lor\u00e1nd University (ELTE) in Hungary, that is one&#8230;<\/p>\n","protected":false},"author":2,"featured_media":0,"parent":0,"menu_order":0,"comment_status":"closed","ping_status":"closed","template":"","meta":{"footnotes":""},"class_list":["post-2058","page","type-page","status-publish","hentry"],"_links":{"self":[{"href":"https:\/\/igr.gr\/demo\/loggitsi\/wp-json\/wp\/v2\/pages\/2058","targetHints":{"allow":["GET"]}}],"collection":[{"href":"https:\/\/igr.gr\/demo\/loggitsi\/wp-json\/wp\/v2\/pages"}],"about":[{"href":"https:\/\/igr.gr\/demo\/loggitsi\/wp-json\/wp\/v2\/types\/page"}],"author":[{"embeddable":true,"href":"https:\/\/igr.gr\/demo\/loggitsi\/wp-json\/wp\/v2\/users\/2"}],"replies":[{"embeddable":true,"href":"https:\/\/igr.gr\/demo\/loggitsi\/wp-json\/wp\/v2\/comments?post=2058"}],"version-history":[{"count":4,"href":"https:\/\/igr.gr\/demo\/loggitsi\/wp-json\/wp\/v2\/pages\/2058\/revisions"}],"predecessor-version":[{"id":2065,"href":"https:\/\/igr.gr\/demo\/loggitsi\/wp-json\/wp\/v2\/pages\/2058\/revisions\/2065"}],"wp:attachment":[{"href":"https:\/\/igr.gr\/demo\/loggitsi\/wp-json\/wp\/v2\/media?parent=2058"}],"curies":[{"name":"wp","href":"https:\/\/api.w.org\/{rel}","templated":true}]}}